v(r) = r + 10. Let q be v(-7). Let n(o) = -3 - o + 0*o + q. What is n(2)?
-2
Let a(m) = -m**3 + 4*m**2 - 2*m + 4. Suppose -9 = -6*s + 3*s. Calculate a(s).
7
Let d(w) = w**3 + 6*w**2 + 5*w + 3. Let k(x) = x**3 - 27*x**2 + 26*x - 4. Let v be k(26). What is d(v)?
15
Let u(z) = -3*z + 3. Let d(f) = f. Let p(r) = 2*d(r) + u(r). Suppose -w = 3*k - 6*w - 40, -2*w = 5*k - 15. Let x be p(k). Let o(c) = 5*c + 3. Give o(x).
-7
Let z(y) be the second derivative of -y**3/2 + 3*y**2/2 - 6*y. Let h(n) = -4*n + 4. Let a(q) = -5*h(q) + 7*z(q). Give a(5).
-4
Let s(z) = -2*z**2 - z + 2. Let i = 33 - 35. Let q = 11 - 8. Let y be (q + i)/(-1) + -1. Calculate s(y).
-4
Let w(x) be the third derivative of x**4/24 - x**3 + x**2. What is w(6)?
0
Let y(x) be the second derivative of -x**7/840 - x**6/72 - x**5/60 + x**4/12 + x**3/2 - x. Let h(t) be the second derivative of y(t). Calculate h(-4).
-6
Let b(z) be the first derivative of -z**4/24 - z**3/6 - 5*z**2/2 + 4. Let r(i) be the second derivative of b(i). Let a = 1 - 1. Give r(a).
-1
Let b(x) = -5*x. Let h(p) = 5*p. Let s(a) = 6*b(a) + 7*h(a). Let w(o) = -o**3 - 2*o + 1. Let f be w(1). Let m = 1 + f. Give s(m).
-5
Let i = 98 - 93. Let l(w) = w**2 - 4*w + 2. Give l(i).
7
Suppose -p = 1 - 3. Let r(w) = w + 2 + w**p - 2*w**2 - 5*w + 3*w. Calculate r(3).
-10
Let u(p) = p**2 - 3*p + 5 - 2*p + p. Let w be 14 + -7 + (-4)/2. Determine u(w).
10
Suppose 5*t + 33 = -2*o, -2*o - 2 = o - 2*t. Let v = o + 7. Suppose -d + 6*c - 1 = v*c, -4*d = c + 17. Let y(i) = i + 1. Calculate y(d).
-3
Suppose h + 2 + 3 = 0. Let k(x) = -8*x - 3. Let l(g) = 7*g + 3. Let b(y) = 6*k(y) + 7*l(y). What is b(h)?
-2
Let y be 0 - (4/(-2) + 4). Let l(s) be the first derivative of 3*s**2 + 3*s - 2. Calculate l(y).
-9
Let w(b) = -b + 3 + 4*b - 2*b. Let k be w(-3). Suppose -c + 0*c - 5 = k. Let q(j) = j. What is q(c)?
-5
Let d(n) be the first derivative of -n**5/60 + n**4/12 - n**3/2 - 7*n**2/2 - 7. Let t(w) be the second derivative of d(w). What is t(3)?
-6
Let u(m) = m**3 + 6*m**2 - m - 2. Suppose -2 = -4*a + 38. Let y be (-27 - 5)*(-2)/(-4). Let t = y + a. Calculate u(t).
4
Let a(o) be the third derivative of -o**4/24 + o**3/6 + o**2. Suppose -g = 5*d, d = 6*g - 2*g - 105. Suppose 3*p = -2*p - g. Calculate a(p).
6
Let o = 36 - 21. Let y be (12/o)/((-1)/5). Let d be ((-8)/3)/(y/6). Let k(g) = -g**2 + 4*g - 6. Calculate k(d).
-6
Let c(t) = 5*t**2. Let s be c(-1). Let x(m) be the second derivative of -m**5/20 + 5*m**4/12 - m**3/3 - m**2/2 - 13*m. Calculate x(s).
-11
Let i = -5 - -6. Let s(n) = n - 5 + 2*n + 0 + i. Give s(3).
5
Let i(d) be the third derivative of d**2 - 1/24*d**4 + 0*d + 0 + 5/6*d**3. What is i(5)?
0
Let x be (132/154)/(4/14). Let n(t) = 4*t - 4. What is n(x)?
8
Suppose -4*c + 9*c + 17 = -2*d, 19 = -5*c - 4*d. Let v(f) be the first derivative of 2 - f - 1/2*f**2. Calculate v(c).
2
Suppose 1 = 5*c + 3*f - f, 0 = 3*c - 4*f + 15. Let l(n) = 9*n**3 + 2*n**2 + n. Let d(p) = 19*p**3 + 4*p**2 + 2*p. Let s(g) = 4*d(g) - 9*l(g). What is s(c)?
4
Let t(u) = 3*u**2 - 3 - 6*u - u**2 - 3*u**2. Suppose -4*b = 27 - 3. Determine t(b).
-3
Let a(c) = -c**3 - 5*c**2 - 5*c + 4. Let q = 14 - 9. Let r = q + -9. What is a(r)?
8
Let y be (4/(-4 - 0))/(-1). Let n(q) = -8*q**2 - 1. Determine n(y).
-9
Suppose i + 4*t - 10 = 0, -4*t - 2 = 4*i - 9*t. Let c(n) = -n**3 + n + 2. Give c(i).
-4
Suppose 31 + 4 = 5*a. Let x(u) = u**2 - 6*u - 7. What is x(a)?
0
Let w(l) = -l**2 + 6*l + 7. Let q = 35 - 27. Calculate w(q).
-9
Let g(r) = 8*r. Let a be ((-4)/(-12))/((-2)/(-12)). Let m(k) = -k**3 + k**2 + k - 1. Let t be m(2). Let c = a + t. Determine g(c).
-8
Let a be 3/(-15) - (-4)/(-60)*-3. Let u = -1 - -3. Let c(n) = 5 - n**2 + 3*n**2 - n**u. Calculate c(a).
5
Let y(b) = -3*b**2 + 12*b + 13. Let w(q) = q**2 - 4*q - 4. Let o = 2 + -9. Let h(x) = o*w(x) - 2*y(x). Calculate h(4).
2
Let k(i) be the third derivative of i**4/12 - i**3/2 - 8*i**2. What is k(-5)?
-13
Let c = 6 + -2. Suppose 10 = 7*i - 2*i. Let h(r) = -c*r + 2 + 2*r - i. Give h(-1).
2
Let k be 26/8 + (-1)/4. Suppose -k*q + y = 7, -2*q = -q - y + 3. Let f(u) = u**3 + u**2 + 3*u + 2. Give f(q).
-8
Let d(k) = 4*k**3 + 7*k**2 + 7*k - 2. Let p(y) = 2*y**3 + 3*y**2 + 3*y - 1. Let f(t) = 2*d(t) - 5*p(t). Suppose 5*s = 3 + 2. Calculate f(s).
-3
Let a(y) = y**3 - 5*y**2 + y + 5. Suppose -22 = -2*o - 2*n, 5*o - n - 59 = -2*n. Let z = -8 + o. Give a(z).
-7
Suppose 0 = i + b - 3, 0 = b + 3*b - 4. Suppose -t = -m - 0*t - 3, 0 = -2*m + t - i. Let x(n) = m + 6 + n - 2. Determine x(0).
5
Let c(v) = -111*v + 61*v + 57*v + v**2 - 9 - 2*v**2. Let t(k) = -7*k**3 - 2*k**2 - k. Let f be t(-1). Give c(f).
-3
Suppose 0 = -p + 5*t - 5, 3*p + 4*t = -t + 25. Suppose p*v - 15 = 0, 2*o - o - 5*v = -19. Let y(s) = s + 1. Calculate y(o).
-3
Let u(s) = -3*s**3 + 6*s**2 - 9 + 3*s**3 + 0*s**3 + 9*s - s**3. Let m be u(7). Let f(r) = 3*r**2 + 4*r + 3*r**2 - 7*r**2 + 6. Calculate f(m).
1
Let k(f) = -2 + 16*f - 5*f - 5*f - f**2. Suppose b - 2*w = 7, 4 = b + 2*w - w. What is k(b)?
3
Let w(a) = -3*a + 4. Let h(t) = 4*t - 11 + 0*t + 5*t. Let s(n) = -n**2 + 8*n + 10. Let x be s(7). Let f(g) = x*w(g) + 6*h(g). Calculate f(-2).
-4
Suppose -455*n - 4 = -454*n. Suppose 2 = m, -5*m + 2 + 23 = 5*r. Let o(w) = 2 + 5*w**2 + 0*w**3 + 5*w - w**r + 2*w**3. Calculate o(n).
-2
Let g(q) = -3*q - 2. Let f(v) = -2*v**3 + 4*v**2 - v - 4. Let t be f(2). Calculate g(t).
16
Let x(n) = n**2 + 6*n + 1. Suppose 2*r + 28 = 2*o, -4*r + 3*o - 24 = 27. Let f be (-56)/21*r/(-4). Determine x(f).
1
Let g = -43 - -38. Let f(n) = n**3 + 5*n**2 + 3*n + 1. Calculate f(g).
-14
Let o(c) = 2*c - 4. Let w(h) = -h**3 + 8*h**2 - 3*h. Let b be w(7). Suppose -3*f - 2*i + b = 0, f + 4*i = 4*f + 2. Determine o(f).
8
Let p(z) = 2*z**3 + 2*z**2 - z + 1. Let x be -2 + 33/12 - 33/12. Determine p(x).
-5
Let a(d) = d**3 + 4*d**2 + 4*d + 1. Let h = -6 + 7. Let u be h/(2 - 3) + -2. What is a(u)?
-2
Let b(a) = -2*a + 22. Let r be b(11). Let j(d) = -d**2 + d + 12. Determine j(r).
12
Let l(v) = -v**3 - 5*v**2 - 9*v + 10. Let y(j) = -j**3 - 6*j**2 - 8*j + 10. Let r(x) = 3*l(x) - 4*y(x). Determine r(-8).
14
Let n be 10 + 0 + 0 + 1. Let w(k) = -24*k. Let h(v) = 5*v. Let m(d) = n*h(d) + 2*w(d). What is m(-1)?
-7
Let n(l) be the first derivative of l**2/2 - 8*l - 4. What is n(0)?
-8
Let w(b) = -6*b**2 - 6*b + 3. Let k(t) = -3*t**2 + 25*t + 9. Let v(l) = l**2 - 12*l - 4. Let a(h) = 6*k(h) + 13*v(h). Let f(p) = -5*a(p) + 4*w(p). Give f(-6).
2
Let d(h) = 2*h - 3. Let y(c) = 2*c - 3. Let z(x) = -5*d(x) + 4*y(x). Give z(4).
-5
Let s(a) be the second derivative of -a**3/2 + 2*a**2 - 8*a. Give s(4).
-8
Let f(x) = x**3 - 5*x**2 + 5. Suppose -3*b + 26 - 11 = 0. Give f(b).
5
Let m(z) = z + 2. Suppose 2*w - 4*w + 8 = 0. Suppose -16 = 4*f, 3*f - 6*f = 4*c - w. Calculate m(c).
6
Let u(b) = -b**2 + 1 - b**3 + 2*b**2 + 8*b - 11*b. Determine u(2).
-9
Let r be 159/33 - (-8)/44. Let y(k) = -8*k**2 + 10*k**2 - k**2 - r*k. Suppose -3*s + 12 = 2*o, -2*o = -o - 3*s + 3. Give y(o).
-6
Let p = 20 + -18. Let u(i) = i**3 - 1. Calculate u(p).
7
Let p(j) = j + 1. Let i = -100 - -95. Calculate p(i).
-4
Let l(m) = m**2 + m - 2. Let s(o) = o**3 - 6*o**2. Let i be s(6). Give l(i).
-2
Let o(y) = 7*y + y - y - 1 - 3*y. Let c = 32 + -31. Calculate o(c).
3
Let x(b) = 3*b - 6. Let u(j) = -j + 1. Let k(q) = 4*u(q) + x(q). Give k(-7).
5
Suppose l = 2*o - 5, -o = 3*o - 5*l - 1. Let t(f) = -o + f + 4 + 3. Let p be (-2 + (7 - 0))/(-1). Give t(p).
-2
Let k = -15 + 21. Let q(t) = t**3 - 5*t**2 - 7*t + 7. Let z be q(k). Let i(x) = -1 + 2*x + x**2 - z + 1. Calculate i(-2).
-1
Let t(b) = -b**3 - b - 1. Let p(l) = -l**3 + 5*l**2 + 7*l - 7. Let d be p(6). Give t(d).
1
Let d(n) = -27*n - 3 + 4 - n**2 + 25*n + n**3. Let t(s) = -s**2 + 5*s - 2. Let k(w) = w. Let l be k(4). Let i be t(l). Determine d(i).
1
Let d = -10 + 14. Let s(a) be the first derivative of -a**3/3 + 3*a**2/2 - 4*a - 1. Determine s(d).
-8
Let j = 0 - -4. Let d(p) = -8*p - 1 + j*p - 3*p. What is d(-1)?
6
Let z(o) = -5*o. Suppose -3*w = -4*j + 2, -3*w = j + 1 + 6. What is z(j)?
5
Let f be 6 + 8/4 + -4. Let z(i) = -i**3 + 5*i**2 - i - 5. Calculate z(f).
7
Let x(k) be the second derivative of 17*k**4/12 - k**3/6 + k. Determine x(1).
16
Let n(o) = -o**3 + 4*o**2 + 6*o + 1. Suppose -2*h - 3*s = -7, 6 + 14 =